{"id":3438,"date":"2025-05-03T11:20:15","date_gmt":"2025-05-03T09:20:15","guid":{"rendered":"https:\/\/weinbau-weingaertner.de\/start\/?post_type=product&#038;p=3438"},"modified":"2025-05-04T14:14:47","modified_gmt":"2025-05-04T12:14:47","slug":"individuelles-weinpaket-12-flaschen","status":"publish","type":"product","link":"https:\/\/weinbau-weingaertner.de\/start\/produkt\/individuelles-weinpaket-12-flaschen\/","title":{"rendered":"Individuelles Weinpaket &#8211; 12 Flaschen"},"content":{"rendered":"<p><strong>Stelle dein pers\u00f6nliches Weinpaket zusammen \u2013\u00a0 12 Weine nach deinem Geschmack!<\/strong><\/p>\n<p>Erstelle dir dein ganz individuelles Weinpaket und w\u00e4hle aus einer Vielzahl von Weinen, die perfekt zu deinem Geschmack passen. Ob fruchtige Wei\u00dfweine, kr\u00e4ftige Rotweine oder spritzige Ros\u00e9-Varianten \u2013 du entscheidest, welche Weine in deine Auswahl kommen. Ideal f\u00fcr besondere Anl\u00e4sse oder um deinen Weinvorrat mit deinen Lieblingsflaschen aufzuf\u00fcllen. Dein Wein, deine Wahl \u2013 immer frisch und direkt zu dir nach Hause geliefert!<\/p>\n<p>Die Holzkiste dient nur als Dekoration. Sie ist kein Bestandteil des Paketes.<\/p>\n","protected":false},"excerpt":{"rendered":"<p>Stelle dein pers&ouml;nliches Weinpaket zusammen &ndash;&nbsp; 12 Weine nach deinem Geschmack! Erstelle dir dein ganz individuelles Weinpaket und w&auml;hle aus einer Vielzahl von Weinen, die perfekt zu deinem Geschmack passen. Ob fruchtige Wei&szlig;weine, kr&auml;ftige Rotweine oder spritzige Ros&eacute;-Varianten &ndash; du entscheidest, welche Weine in deine Auswahl kommen. Ideal f&uuml;r besondere Anl&auml;sse oder um deinen Weinvorrat [&hellip;]<\/p>\n","protected":false},"featured_media":3459,"template":"","meta":[],"product_brand":[],"product_cat":[114],"product_tag":[],"class_list":{"0":"post-3438","1":"product","2":"type-product","3":"status-publish","4":"has-post-thumbnail","6":"product_cat-individuellekisten","8":"first","9":"instock","10":"taxable","11":"shipping-taxable","12":"purchasable","13":"product-type-simple"},"jetpack_sharing_enabled":true,"_links":{"self":[{"href":"https:\/\/weinbau-weingaertner.de\/start\/wp-json\/wp\/v2\/product\/3438","targetHints":{"allow":["GET"]}}],"collection":[{"href":"https:\/\/weinbau-weingaertner.de\/start\/wp-json\/wp\/v2\/product"}],"about":[{"href":"https:\/\/weinbau-weingaertner.de\/start\/wp-json\/wp\/v2\/types\/product"}],"wp:featuredmedia":[{"embeddable":true,"href":"https:\/\/weinbau-weingaertner.de\/start\/wp-json\/wp\/v2\/media\/3459"}],"wp:attachment":[{"href":"https:\/\/weinbau-weingaertner.de\/start\/wp-json\/wp\/v2\/media?parent=3438"}],"wp:term":[{"taxonomy":"product_brand","embeddable":true,"href":"https:\/\/weinbau-weingaertner.de\/start\/wp-json\/wp\/v2\/product_brand?post=3438"},{"taxonomy":"product_cat","embeddable":true,"href":"https:\/\/weinbau-weingaertner.de\/start\/wp-json\/wp\/v2\/product_cat?post=3438"},{"taxonomy":"product_tag","embeddable":true,"href":"https:\/\/weinbau-weingaertner.de\/start\/wp-json\/wp\/v2\/product_tag?post=3438"}],"curies":[{"name":"wp","href":"https:\/\/api.w.org\/{rel}","templated":true}]}}