{"id":588,"date":"2015-09-08T10:49:57","date_gmt":"2015-09-08T10:49:57","guid":{"rendered":"http:\/\/www.zimmermann-wein.eu\/?page_id=588"},"modified":"2025-04-22T22:50:33","modified_gmt":"2025-04-22T20:50:33","slug":"wirueberuns","status":"publish","type":"page","link":"https:\/\/weinbau-weingaertner.de\/start\/wirueberuns\/","title":{"rendered":"Wir \u00fcber uns"},"content":{"rendered":"<p>[vc_row][vc_column][vc_empty_space height=&#8220;20px&#8220;][\/vc_column][\/vc_row][vc_row][vc_column width=&#8220;1\/3&#8243;][vc_single_image image=&#8220;2163&#8243; img_size=&#8220;full&#8220; style=&#8220;vc_box_border&#8220; css=&#8220;.vc_custom_1550657737938{padding-top: 25px !important;}&#8220;][\/vc_column][vc_column width=&#8220;1\/3&#8243;][vc_empty_space height=&#8220;30px&#8220;][vc_column_text]<\/p>\n<h3 style=\"font-family: 'Satisfy', cursive; font-size: 20px; color: #988251 !important; line-height: 15px; margin-bottom: 10px;\">Ein erster Einblick<\/h3>\n<p style=\"text-align: justify;\">Auf diesen Seiten m\u00f6chten wir Ihnen einen kleinen Einblick in das seit 3 Generationen bestehende Weingut geben. Sie erfahren etwas \u00fcber die Personen, die diesen Familienbetrieb \u00fcber Jahre gepr\u00e4gt haben, die Weine, die jeden Tag einen Anlass zum Genie\u00dfen geben, die nah am Rhein gelegene Region, die wundersch\u00f6ne Orte f\u00fcr ein paar erholsame Tage bietet.<\/p>\n<p style=\"text-align: justify;\">Das Weingut besteht schon seit \u00fcber 120 Jahren. Seit 30 Jahren hat Stefan Weing\u00e4rtner die Weinberge und den Betrieb von seinem Vater \u00fcbernommen und widmet sich seither mit all seinem Wissen und seiner Leidenschaft dem Wein. Nicht nur sein Wissen und die Leidenschaft, sondern auch die Liebe, die wir als Familie mit viel Handarbeit, auch beim Etikettieren und Verpacken der einzelnen Flaschen in den Familienbetrieb hineinstecken, machen unseren Wein zu etwas ganz besonderem.<\/p>\n<h3 style=\"font-family: 'Satisfy', cursive; font-size: 20px; color: #988251 !important; line-height: 15px; margin-bottom: 10px;\">Wo unser Weingut liegt<\/h3>\n<p style=\"text-align: justify;\">Wir wohnen in Ockenheim, am Fu\u00dfe des Jakobsbergs. Unser Familienweingut liegt idyllisch eingebettet im Rheinhessischen H\u00fcgelland zwischen Mainz und Bingen, dem gr\u00f6\u00dften Weinanbaugebiet Deutschlands.<\/p>\n<h3 style=\"font-family: 'Satisfy', cursive; font-size: 20px; color: #988251 !important; line-height: 15px; margin-bottom: 10px;\">Unser Klima<\/h3>\n<p style=\"text-align: justify;\">Geringe Niederschl\u00e4ge, hohe Sonnenscheindauer und kalkhaltige L\u00f6\u00df-und Tonb\u00f6den sind nat\u00fcrliche Voraussetzungen f\u00fcr unseren Weinbau.<\/p>\n<p>[\/vc_column_text][\/vc_column][vc_column width=&#8220;1\/3&#8243;][vc_single_image image=&#8220;2164&#8243; img_size=&#8220;full&#8220; style=&#8220;vc_box_border&#8220; css=&#8220;.vc_custom_1550657819806{padding-top: 25px !important;}&#8220;][vc_single_image image=&#8220;2165&#8243; img_size=&#8220;full&#8220; style=&#8220;vc_box_border&#8220;][\/vc_column][\/vc_row]<\/p>\n","protected":false},"excerpt":{"rendered":"<p>[vc_row][vc_column][vc_empty_space height=&ldquo;20px&ldquo;][\/vc_column][\/vc_row][vc_row][vc_column width=&ldquo;1\/3&Prime;][vc_single_image image=&ldquo;2163&Prime; img_size=&ldquo;full&ldquo; style=&ldquo;vc_box_border&ldquo; css=&ldquo;.vc_custom_1550657737938{padding-top: 25px !important;}&ldquo;][\/vc_column][vc_column width=&ldquo;1\/3&Prime;][vc_empty_space height=&ldquo;30px&ldquo;][vc_column_text] Ein erster Einblick Auf diesen Seiten m&ouml;chten wir Ihnen einen kleinen Einblick in das seit 3 Generationen bestehende Weingut geben. Sie erfahren etwas &uuml;ber die Personen, die diesen Familienbetrieb &uuml;ber Jahre gepr&auml;gt haben, die Weine, die jeden Tag einen Anlass zum Genie&szlig;en geben, die [&hellip;]<\/p>\n","protected":false},"author":1,"featured_media":2161,"parent":0,"menu_order":0,"comment_status":"closed","ping_status":"closed","template":"page-full-width.php","meta":{"footnotes":""},"class_list":["post-588","page","type-page","status-publish","has-post-thumbnail","hentry"],"jetpack_sharing_enabled":true,"_links":{"self":[{"href":"https:\/\/weinbau-weingaertner.de\/start\/wp-json\/wp\/v2\/pages\/588","targetHints":{"allow":["GET"]}}],"collection":[{"href":"https:\/\/weinbau-weingaertner.de\/start\/wp-json\/wp\/v2\/pages"}],"about":[{"href":"https:\/\/weinbau-weingaertner.de\/start\/wp-json\/wp\/v2\/types\/page"}],"author":[{"embeddable":true,"href":"https:\/\/weinbau-weingaertner.de\/start\/wp-json\/wp\/v2\/users\/1"}],"replies":[{"embeddable":true,"href":"https:\/\/weinbau-weingaertner.de\/start\/wp-json\/wp\/v2\/comments?post=588"}],"version-history":[{"count":27,"href":"https:\/\/weinbau-weingaertner.de\/start\/wp-json\/wp\/v2\/pages\/588\/revisions"}],"predecessor-version":[{"id":2388,"href":"https:\/\/weinbau-weingaertner.de\/start\/wp-json\/wp\/v2\/pages\/588\/revisions\/2388"}],"wp:featuredmedia":[{"embeddable":true,"href":"https:\/\/weinbau-weingaertner.de\/start\/wp-json\/wp\/v2\/media\/2161"}],"wp:attachment":[{"href":"https:\/\/weinbau-weingaertner.de\/start\/wp-json\/wp\/v2\/media?parent=588"}],"curies":[{"name":"wp","href":"https:\/\/api.w.org\/{rel}","templated":true}]}}