{"id":3448,"date":"2015-09-08T10:49:57","date_gmt":"2015-09-08T08:49:57","guid":{"rendered":"https:\/\/weinbau-weingaertner.de\/start\/wirueberuns-2\/"},"modified":"2025-05-03T12:35:31","modified_gmt":"2025-05-03T10:35:31","slug":"wirueberuns-2","status":"publish","type":"page","link":"https:\/\/weinbau-weingaertner.de\/start\/wirueberuns-2\/","title":{"rendered":"Ihre Weinprobe bei uns"},"content":{"rendered":"<p>[vc_row][vc_column][vc_empty_space height=&#8220;20px&#8220;][\/vc_column][\/vc_row][vc_row][vc_column][vc_empty_space height=&#8220;30px&#8220;][vc_column_text]<\/p>\n<h3 style=\"font-family: 'Satisfy', cursive; font-size: 20px; color: #988251 !important; line-height: 15px; margin-bottom: 10px;\">Weinprobe im idyllischen Rheinhessen \u2013 Ein Erlebnis f\u00fcr die Sinne<\/h3>\n<p style=\"text-align: justify;\">Erleben Sie eine unvergessliche Weinprobe mit Stefan Weing\u00e4rtner, einem leidenschaftlichen Winzer aus dem wundersch\u00f6nen Rheinhessen. Inmitten der sanften H\u00fcgel und den weitl\u00e4ufigen Weinbergen von Ockenheim l\u00e4dt er Sie zu einer besonderen Verkostung ein, bei der Sie nicht nur ausgezeichnete Weine genie\u00dfen, sondern auch in die Geschichte und die Kunst des Weinbaus eintauchen k\u00f6nnen.<\/p>\n<h3 style=\"font-family: 'Satisfy', cursive; font-size: 20px; color: #988251 !important; line-height: 15px; margin-bottom: 10px;\">Weinprobe in malerischer Umgebung<\/h3>\n<p style=\"text-align: justify;\">Begleiten Sie Stefan Weing\u00e4rtner auf eine Reise durch die facettenreiche Welt des Weins. Bei einer pers\u00f6nlichen F\u00fchrung erfahren Sie alles \u00fcber den Anbau der Trauben, die Herstellung der Weine und die Besonderheiten, die den Rheinhessen-Weinen ihren unverwechselbaren Charakter verleihen. Probieren Sie edle Tropfen direkt aus dem Weingut und lassen Sie sich von den Aromen der Region verzaubern.<\/p>\n<h3 style=\"font-family: 'Satisfy', cursive; font-size: 20px; color: #988251 !important; line-height: 15px; margin-bottom: 10px;\">Wanderung durch die Weinberge<\/h3>\n<p style=\"text-align: justify;\">F\u00fcr alle, die das Erlebnis noch intensiver genie\u00dfen m\u00f6chten, bietet sich eine Wanderung durch die idyllischen Weinberge von Ockenheim an. Genie\u00dfen Sie dabei nicht nur atemberaubende Ausblicke, sondern erfahren Sie von Stefan Weing\u00e4rtner auch spannende Details \u00fcber die Rebsorten und das Handwerk des Winzers. Der Weg f\u00fchrt Sie durch die sanften H\u00fcgel der Region, wo Sie den Duft der Reben und das beruhigende Rauschen des Windes erleben k\u00f6nnen.<\/p>\n<h3 style=\"font-family: 'Satisfy', cursive; font-size: 20px; color: #988251 !important; line-height: 15px; margin-bottom: 10px;\">Genussvolle Stullen mit Hausmacher Wurst &amp; K\u00e4se<\/h3>\n<p>Nach der Wanderung erwartet Sie eine ganz besondere K\u00f6stlichkeit: Herzhaft belegte Stullen mit hausmacher Wurst &amp; K\u00e4se, zubereitet von Stefan Weing\u00e4rtners Frau Birgit. Mit viel Liebe und Hingabe bereitet sie die Leckereien zu, die perfekt mit einem guten Glas Wein harmonieren. Lassen Sie sich von den rustikalen, aber raffinierten Aromen verw\u00f6hnen und genie\u00dfen Sie die famili\u00e4re Atmosph\u00e4re auf dem Weingut.<\/p>\n<h3 style=\"font-family: 'Satisfy', cursive; font-size: 20px; color: #988251 !important; line-height: 15px; margin-bottom: 10px;\">Ein unvergessliches Erlebnis<\/h3>\n<p>Ob alleine, zu zweit oder in einer Gruppe \u2013 eine Weinprobe mit Stefan Weing\u00e4rtner ist immer ein besonderes Erlebnis. Tauchen Sie ein in die Welt des Weins, genie\u00dfen Sie regionale Spezialit\u00e4ten und lassen Sie sich von der Gastfreundschaft und dem Charme von Ockenheim verzaubern.<\/p>\n<p>Schreiben Sie uns einfach an und wir besprechen alle Details.<\/p>\n<p>[\/vc_column_text][\/vc_column][\/vc_row]<\/p>\n","protected":false},"excerpt":{"rendered":"<p>[vc_row][vc_column][vc_empty_space height=&ldquo;20px&ldquo;][\/vc_column][\/vc_row][vc_row][vc_column][vc_empty_space height=&ldquo;30px&ldquo;][vc_column_text] Weinprobe im idyllischen Rheinhessen &ndash; Ein Erlebnis f&uuml;r die Sinne Erleben Sie eine unvergessliche Weinprobe mit Stefan Weing&auml;rtner, einem leidenschaftlichen Winzer aus dem wundersch&ouml;nen Rheinhessen. Inmitten der sanften H&uuml;gel und den weitl&auml;ufigen Weinbergen von Ockenheim l&auml;dt er Sie zu einer besonderen Verkostung ein, bei der Sie nicht nur ausgezeichnete Weine genie&szlig;en, sondern [&hellip;]<\/p>\n","protected":false},"author":1,"featured_media":3452,"parent":0,"menu_order":0,"comment_status":"closed","ping_status":"closed","template":"page-full-width.php","meta":{"footnotes":""},"class_list":["post-3448","page","type-page","status-publish","has-post-thumbnail","hentry"],"jetpack_sharing_enabled":true,"_links":{"self":[{"href":"https:\/\/weinbau-weingaertner.de\/start\/wp-json\/wp\/v2\/pages\/3448","targetHints":{"allow":["GET"]}}],"collection":[{"href":"https:\/\/weinbau-weingaertner.de\/start\/wp-json\/wp\/v2\/pages"}],"about":[{"href":"https:\/\/weinbau-weingaertner.de\/start\/wp-json\/wp\/v2\/types\/page"}],"author":[{"embeddable":true,"href":"https:\/\/weinbau-weingaertner.de\/start\/wp-json\/wp\/v2\/users\/1"}],"replies":[{"embeddable":true,"href":"https:\/\/weinbau-weingaertner.de\/start\/wp-json\/wp\/v2\/comments?post=3448"}],"version-history":[{"count":2,"href":"https:\/\/weinbau-weingaertner.de\/start\/wp-json\/wp\/v2\/pages\/3448\/revisions"}],"predecessor-version":[{"id":3455,"href":"https:\/\/weinbau-weingaertner.de\/start\/wp-json\/wp\/v2\/pages\/3448\/revisions\/3455"}],"wp:featuredmedia":[{"embeddable":true,"href":"https:\/\/weinbau-weingaertner.de\/start\/wp-json\/wp\/v2\/media\/3452"}],"wp:attachment":[{"href":"https:\/\/weinbau-weingaertner.de\/start\/wp-json\/wp\/v2\/media?parent=3448"}],"curies":[{"name":"wp","href":"https:\/\/api.w.org\/{rel}","templated":true}]}}