{"id":1691,"date":"2017-03-22T12:07:37","date_gmt":"2017-03-22T12:07:37","guid":{"rendered":"http:\/\/www.zimmermann-wein.eu\/?page_id=1691"},"modified":"2022-10-21T14:12:38","modified_gmt":"2022-10-21T12:12:38","slug":"datenschutz","status":"publish","type":"page","link":"https:\/\/weinbau-weingaertner.de\/start\/datenschutz\/","title":{"rendered":"Datenschutz"},"content":{"rendered":"<p><strong>Datenschutz<\/strong><\/p>\n<p>Wir freuen uns \u00fcber Ihr Interesse an unserer Website. Der Schutz Ihrer Privatsph\u00e4re ist f\u00fcr uns sehr wichtig. Nachstehend informieren wir Sie ausf\u00fchrlich \u00fcber den Umgang mit Ihren Daten.<\/p>\n<p><strong>Erhebung, Verarbeitung und Nutzung personenbezogener Daten<\/strong><\/p>\n<p>Sie k\u00f6nnen unsere Seite besuchen, ohne Angaben zu Ihrer Person zu machen. Wir speichern &#8211; auch wenn der Besuch ggf. \u00fcber Newsletterlinks erfolgt &#8211; lediglich Zugriffsdaten ohne Personenbezug, wie z.B. den Namen Ihres Internet Service Providers, die Seite, von der aus Sie uns besuchen, den Namen der angeforderten Datei. Diese Daten werden ausschlie\u00dflich zur Verbesserung unseres Angebotes ausgewertet und erlauben keinen R\u00fcckschluss auf Ihre Person.<\/p>\n<p>Wir erheben, speichern und verarbeiten Ihre Daten f\u00fcr die Bestellabwicklung Ihres Kaufs und eventuelle sp\u00e4tere Gew\u00e4hrleistungsabwicklung sowie f\u00fcr Werbezwecke. Personenbezogene Daten werden erhoben, wenn Sie uns diese im Rahmen Ihrer Warenbestellung oder bei Er\u00f6ffnung eines Kundenkontos oder bei der Registrierung zum Newsletter freiwillig mitteilen.<\/p>\n<p><strong>Widerspruchsrecht zur Datenverwendung f\u00fcr Zwecke der Werbung oder der Markt- oder Meinungsforschung<\/strong><\/p>\n<p>Selbstverst\u00e4ndlich k\u00f6nnen Sie jederzeit einer weiteren Verwendung Ihrer Daten zu Werbe- und Marketingzwecken \u2013 auch soweit diese rechtlich ohne Ihre Einwilligung zul\u00e4ssig ist (z.B. Postwerbung) \u2013 durch eine einfache Mitteilung an uns widersprechen, ohne dass Ihnen hierf\u00fcr andere als die \u00dcbermittlungskosten nach den Basistarifen entstehen. Diesem Hinweis kommt keine Funktion als Einwilligung Ihrerseits in eine Nutzung Ihrer Daten f\u00fcr Werbezwecke zu. Eine Weitergabe Ihrer personenbezogenen Daten erfolgt an von uns im Rahmen der Ausf\u00fchrung des Auftrags eingesetzte Dienstleister (Transporteur\/Logistiker, Banken).<\/p>\n<p><strong>Auskunftsrecht<\/strong><\/p>\n<p>Sie haben ein Recht auf unentgeltliche Ausk\u00fcnfte \u00fcber Ihre gespeicherten Daten sowie ggf. ein Recht auf Berichtigung, Sperrung oder L\u00f6schung dieser Daten.<\/p>\n<p><strong>Nutzung von Google Analytics:<\/strong><\/p>\n<p>Unsere Internetseite verwendet Google Analytics &#8211; einen Internetanalysedienst von Google. Google Analytics nutzt sog. Cookies (kleine Textdateien), die auf Ihrem Computer gespeichert werden und die eine Analyse der Benutzung der Website durch Sie erm\u00f6glichen.<\/p>\n<p>Die durch die Cookies erzeugten Informationen \u00fcber Ihre Benutzung dieser Homepage (einschlie\u00dflich Ihrer IP-Adresse) werden an einen Server von Google in den USA \u00fcbertragen und dort gespeichert. Google wird diese Informationen benutzen, um Ihre Nutzung der Website auszuwerten, um Reports \u00fcber die Websiteaktivit\u00e4ten f\u00fcr die Homepage-Betreiber zusammenzustellen und um weitere mit der Websitenutzung und der Internetnutzung verbundene Dienstleistungen zu erbringen. Auch wird Google diese Informationen gegebenenfalls an Dritte \u00fcbertragen, sofern dieses gesetzlich vorgeschrieben ist oder soweit Dritte diese Daten im Auftrag von Google verarbeiten. Google wird in keinem Fall Ihre IP-Adresse mit anderen Daten von Google in Verbindung bringen. Sie k\u00f6nnen die Installation der Cookies durch eine entsprechende Einstellung in Ihrer Browser-Software verhindern, wir weisen Sie jedoch darauf hin, dass Sie in diesem Fall gegebenenfalls nicht s\u00e4mtliche Funktionen dieser Website in vollem Umfang nutzen k\u00f6nnen.<\/p>\n<p>Durch die Nutzung dieser Homepage erkl\u00e4ren Sie sich mit der Bearbeitung der \u00fcber Sie erhobenen Daten durch Google in der zuvor beschriebenen Art und Weise und zu dem zuvor benannten Zweck einverstanden. Wir informieren dar\u00fcber, dass diese Webseite Google Analytics ausschlie\u00dflich unter Verwendung eines Deaktivierungs-Add-on nutzt. Ihre IP-Adresse wird nicht vollst\u00e4ndig gespeichert. Die Identifizierung des Besuchers der Webseite ist ausgeschlossen.<\/p>\n<p><strong>Verwendung von Cookies<\/strong><\/p>\n<p>Wir verwenden Google-Dienste wie Google-Fonts (<a href=\"https:\/\/fonts.google.com\/\" rel=\"noopener\" target=\"_blank\">Link<\/a>) sowie Google Maps (<a href=\"https:\/\/www.google.com\/maps\/place\/Bergstra%C3%9Fe+48A,+55437+Ockenheim,+Germany\/@49.938559,7.977086,14z\/data=!4m5!3m4!1s0x47bdee70e8bf6353:0xa15eb14cdd8d9a1d!8m2!3d49.9385592!4d7.9770856?hl=en-GB\">Link<\/a>). Hier finden Sie die Google Datenschutzbestimmungen dazu (<a href=\"https:\/\/business.safety.google\/compliance\/#!?modal_active=none\" rel=\"noopener\" target=\"_blank\">Link<\/a>).<\/p>\n<p>Um den Besuch unserer Website attraktiv zu gestalten und die Nutzung bestimmter Funktionen zu erm\u00f6glichen, verwenden wir auf verschiedenen Seiten sogenannte Cookies. Hierbei handelt es sich um kleine Textdateien, die auf Ihrem Endger\u00e4t abgelegt werden. Einige der von uns verwendeten Cookies werden nach dem Ende der Browser-Sitzung, also nach Schlie\u00dfen Ihres Browsers, wieder gel\u00f6scht (sog. Sitzungs-Cookies). Andere Cookies verbleiben auf Ihrem Endger\u00e4t und erm\u00f6glichen uns oder unseren Partnerunternehmen, Ihren Browser beim n\u00e4chsten Besuch wiederzuerkennen (persistente Cookies). Sie k\u00f6nnen Ihren Browser so einstellen, dass Sie \u00fcber das Setzen von Cookies informiert werden und einzeln \u00fcber deren Annahme entscheiden oder die Annahme von Cookies f\u00fcr bestimmte F\u00e4lle oder generell ausschlie\u00dfen. Bei der Nichtannahme von Cookies kann die Funktionalit\u00e4t unserer Website eingeschr\u00e4nkt sein.<\/p>\n<p><strong>Datensicherheit<\/strong><\/p>\n<p>Ihre Zahlungsdaten werden im Bestellprozess verschl\u00fcsselt \u00fcber das Internet \u00fcbertragen. Wir sichern unsere Website und sonstigen Systeme durch technische und organisatorische Ma\u00dfnahmen gegen Verlust, Zerst\u00f6rung, Zugriff, Ver\u00e4nderung und Verbreitung Ihrer Daten durch unbefugte Personen. Sie sollten Ihre Zugangsinformationen stets vertraulich behandeln und das Browserfenster schlie\u00dfen, wenn Sie die Kommunikation mit uns beendet haben, insbesondere wenn Sie den Computer gemeinsam mit anderen nutzen.<\/p>\n<p><strong>Facebook <\/strong><strong>Datenschutzerkl\u00e4rung<\/strong><\/p>\n<p>Auf unseren Seiten sind Plugins des sozialen Netzwerks Facebook, 1601 South California Avenue, Palo Alto, CA 94304, USA, integriert. Die Facebook- Plugins erkennen Sie an dem Facebook-Logo oder dem &#8222;Like-Button&#8220; (&#8222;Gef\u00e4llt mir&#8220;) auf unserer Seite. Eine \u00dcbersicht \u00fcber die Facebook-Plugins finden Sie hier: http:\/\/developers.facebook.com\/docs\/plugins\/. Wenn Sie unsere Seiten besuchen, wird \u00fcber das Plugin eine direkte Verbindung zwischen Ihrem Browser und dem Facebook-Server hergestellt. Facebook erh\u00e4lt dadurch die Information, dass Sie mit Ihrer IP-Adresse unsere Seite besucht haben. Wenn Sie den Facebook &#8222;Like-Button&#8220; anklicken w\u00e4hrend Sie in Ihrem Facebook-Account eingeloggt sind, k\u00f6nnen Sie die Inhalte unserer Seiten auf Ihrem Facebook-Profil verlinken. Dadurch kann Facebook den Besuch unserer Seiten Ihrem Benutzerkonto zuordnen. Wir weisen darauf hin, dass wir als Anbieter der Seiten keine Kenntnis vom Inhalt der \u00fcbermittelten Daten sowie deren Nutzung durch Facebook erhalten.<\/p>\n<p>Weitere Informationen hierzu finden Sie in der Datenschutzerkl\u00e4rung von Facebook unter:<\/p>\n<p><a href=\"http:\/\/de-de.facebook.com\/policy.php\">http:\/\/de-de.facebook.com\/policy.php <\/a><\/p>\n<p>Wenn Sie nicht w\u00fcnschen, dass Facebook den Besuch unserer Seiten Ihrem Facebook-Nutzerkonto zuordnen kann, loggen Sie sich bitte aus Ihrem Facebook-Benutzerkonto aus.<\/p>\n<p><strong>Widerruf von Einwilligungen<\/strong><\/p>\n<p>Die nachstehende Einwilligung\/en haben Sie ggf. ausdr\u00fccklich erteilt. Wir m\u00f6chten Sie darauf hinweisen, dass Sie Ihre Einwilligung jederzeit mit Wirkung f\u00fcr die Zukunft widerrufen k\u00f6nnen.<\/p>\n<p><strong>E-Mail-Werbung (mit Newsletter-Anmeldung)<\/strong><\/p>\n<p>Wenn Sie sich gesondert zum Newsletter angemeldet haben, wird Ihre E-Mail-Adresse f\u00fcr eigene Werbezwecke genutzt, bis Sie sich vom Newsletter abmelden. Die Abmeldung ist jederzeit m\u00f6glich, ohne dass Ihnen hierf\u00fcr andere als die \u00dcbermittlungskosten nach den Basistarifen entstehen.<\/p>\n","protected":false},"excerpt":{"rendered":"<p>Datenschutz Wir freuen uns &uuml;ber Ihr Interesse an unserer Website. Der Schutz Ihrer Privatsph&auml;re ist f&uuml;r uns sehr wichtig. Nachstehend informieren wir Sie ausf&uuml;hrlich &uuml;ber den Umgang mit Ihren Daten. Erhebung, Verarbeitung und Nutzung personenbezogener Daten Sie k&ouml;nnen unsere Seite besuchen, ohne Angaben zu Ihrer Person zu machen. Wir speichern &ndash; auch wenn der Besuch [&hellip;]<\/p>\n","protected":false},"author":1,"featured_media":2161,"parent":0,"menu_order":0,"comment_status":"closed","ping_status":"closed","template":"","meta":{"footnotes":""},"class_list":["post-1691","page","type-page","status-publish","has-post-thumbnail","hentry"],"jetpack_sharing_enabled":true,"_links":{"self":[{"href":"https:\/\/weinbau-weingaertner.de\/start\/wp-json\/wp\/v2\/pages\/1691","targetHints":{"allow":["GET"]}}],"collection":[{"href":"https:\/\/weinbau-weingaertner.de\/start\/wp-json\/wp\/v2\/pages"}],"about":[{"href":"https:\/\/weinbau-weingaertner.de\/start\/wp-json\/wp\/v2\/types\/page"}],"author":[{"embeddable":true,"href":"https:\/\/weinbau-weingaertner.de\/start\/wp-json\/wp\/v2\/users\/1"}],"replies":[{"embeddable":true,"href":"https:\/\/weinbau-weingaertner.de\/start\/wp-json\/wp\/v2\/comments?post=1691"}],"version-history":[{"count":4,"href":"https:\/\/weinbau-weingaertner.de\/start\/wp-json\/wp\/v2\/pages\/1691\/revisions"}],"predecessor-version":[{"id":2599,"href":"https:\/\/weinbau-weingaertner.de\/start\/wp-json\/wp\/v2\/pages\/1691\/revisions\/2599"}],"wp:featuredmedia":[{"embeddable":true,"href":"https:\/\/weinbau-weingaertner.de\/start\/wp-json\/wp\/v2\/media\/2161"}],"wp:attachment":[{"href":"https:\/\/weinbau-weingaertner.de\/start\/wp-json\/wp\/v2\/media?parent=1691"}],"curies":[{"name":"wp","href":"https:\/\/api.w.org\/{rel}","templated":true}]}}